{"id":86,"date":"2013-05-23T13:50:33","date_gmt":"2013-05-23T12:50:33","guid":{"rendered":"http:\/\/villadampierre.fr\/chambre-hote-pau\/?page_id=86"},"modified":"2024-02-10T16:56:49","modified_gmt":"2024-02-10T14:56:49","slug":"chambre-montagne","status":"publish","type":"page","link":"https:\/\/villadampierre.fr\/chambre-hote-pau\/chambres-dhotes\/chambre-montagne\/","title":{"rendered":"Chambre Montagne"},"content":{"rendered":"<p>La <a href=\"http:\/\/villadampierre.fr\/chambre-hote-pau\/portfolio\/montagne\/\">montagne<\/a>, un peu de notre passion est pass\u00e9e par l\u00e0.<\/p>\n<p>Permettre aux h\u00f4tes de d\u00e9couvrir au travers de clich\u00e9s de <a href=\"http:\/\/villadampierre.fr\/chambre-hote-pau\/portfolio\/montagne\/\">sommets<\/a>, <a href=\"http:\/\/villadampierre.fr\/chambre-hote-pau\/portfolio\/nos-arbres\/\">d&rsquo;arbres<\/a>, une atmosph\u00e8re <a href=\"http:\/\/villadampierre.fr\/chambre-hote-pau\/portfolio\/montagne\/\">montagne<\/a>. Nous pourrons vous sugg\u00e9rer des itin\u00e9raires \u00e0 l&rsquo;appui de cartes, de r\u00e9cits, de conseils<\/p>\n<p>Une Chambre pleine de soleil, avec vue sur les Pyr\u00e9n\u00e9es.<\/p>\n<p>Une chambre o\u00f9 il est fait bon lire dans\u00a0l\u2019alc\u00f4ve\u00a0ou au coin de la chemin\u00e9e. C&rsquo;est dans une ambiance chaleureuse o\u00f9 tout est confort, douceur. Une salle d&rsquo;eau bien con\u00e7ue et belle.<\/p>\n<p>Elle est \u00e9quip\u00e9e de chauffage et clim individuel et d&rsquo;une connexion internet, wifi.<\/p>\n<p>Si vous venez avec vos enfants, ils peuvent \u00eatre h\u00e9berg\u00e9s dans la chambr\u00e9e&#8230;<\/p>\n<div class=\"easingsliderpro easingsliderpro-1  use-slide\" data-options=\"{&quot;dimensions&quot;:{&quot;width&quot;:640,&quot;height&quot;:500,&quot;responsive&quot;:true},&quot;transitions&quot;:{&quot;effect&quot;:&quot;slide&quot;,&quot;duration&quot;:500,&quot;touch&quot;:&quot;&quot;},&quot;navigation&quot;:{&quot;arrows&quot;:true,&quot;arrows_hover&quot;:false,&quot;arrows_position&quot;:&quot;inside&quot;,&quot;pagination&quot;:true,&quot;pagination_hover&quot;:false,&quot;pagination_position&quot;:&quot;inside&quot;,&quot;pagination_location&quot;:&quot;bottom-center&quot;},&quot;playback&quot;:{&quot;enabled&quot;:true,&quot;pause&quot;:4000}}\" style=\"max-width: 640px; max-height: 500px\">\n    <div class=\"easingsliderpro-viewport\" style=\"padding-top: 78.125% !important;\">\n        <div class=\"easingsliderpro-slides-container\" style=\"display: none; width: 1100%;\">\n                                                    <div class=\"easingsliderpro-slide\" style=\"max-width: 640px; max-height: 500px\">\n                                            <img src=\"http:\/\/villadampierre.fr\/chambre-hote-pau\/wp-content\/uploads\/IMG_0045-640x500.jpg\" class=\"easingsliderpro-image\" alt=\"\" title=\"IMG_0045\" \/>\n                                                        <\/div>\n                                        <div class=\"easingsliderpro-slide\" style=\"max-width: 640px; max-height: 500px\">\n                                            <img src=\"http:\/\/villadampierre.fr\/chambre-hote-pau\/wp-content\/uploads\/IMG_0046-640x500.jpg\" class=\"easingsliderpro-image\" alt=\"\" title=\"IMG_0046\" \/>\n                                                        <\/div>\n                                        <div class=\"easingsliderpro-slide\" style=\"max-width: 640px; max-height: 500px\">\n                                            <img src=\"http:\/\/villadampierre.fr\/chambre-hote-pau\/wp-content\/uploads\/IMG_0047-640x500.jpg\" class=\"easingsliderpro-image\" alt=\"\" title=\"IMG_0047\" \/>\n                                                        <\/div>\n                                        <div class=\"easingsliderpro-slide\" style=\"max-width: 640px; max-height: 500px\">\n                                            <img src=\"https:\/\/villadampierre.fr\/chambre-hote-pau\/wp-content\/uploads\/IMG_0004.jpg\" class=\"easingsliderpro-image\" alt=\"\" title=\"IMG_0004\" \/>\n                                                        <\/div>\n                                        <div class=\"easingsliderpro-slide\" style=\"max-width: 640px; max-height: 500px\">\n                                            <img src=\"http:\/\/villadampierre.fr\/chambre-hote-pau\/wp-content\/uploads\/gavarnie-024-640x500.jpg\" class=\"easingsliderpro-image\" alt=\"\" title=\"OLYMPUS DIGITAL CAMERA\" \/>\n                                                        <\/div>\n                                        <div class=\"easingsliderpro-slide\" style=\"max-width: 640px; max-height: 500px\">\n                                            <img src=\"http:\/\/villadampierre.fr\/chambre-hote-pau\/wp-content\/uploads\/IMG_9037-640x500.jpg\" class=\"easingsliderpro-image\" alt=\"\" title=\"IMG_9037\" \/>\n                                                        <\/div>\n                                        <div class=\"easingsliderpro-slide\" style=\"max-width: 640px; max-height: 500px\">\n                                            <img src=\"http:\/\/villadampierre.fr\/chambre-hote-pau\/wp-content\/uploads\/IMG_0013-640x500.jpg\" class=\"easingsliderpro-image\" alt=\"\" title=\"IMG_0013\" \/>\n                                                        <\/div>\n                                        <div class=\"easingsliderpro-slide\" style=\"max-width: 640px; max-height: 500px\">\n                                            <img src=\"https:\/\/villadampierre.fr\/chambre-hote-pau\/wp-content\/uploads\/LOssau.jpg\" class=\"easingsliderpro-image\" alt=\"\" title=\"L&#039;Ossau\" \/>\n                                                        <\/div>\n                                        <div class=\"easingsliderpro-slide\" style=\"max-width: 640px; max-height: 500px\">\n                                            <img src=\"https:\/\/villadampierre.fr\/chambre-hote-pau\/wp-content\/uploads\/IMG_7328.jpg\" class=\"easingsliderpro-image\" alt=\"\" title=\"IMG_7328\" \/>\n                                                        <\/div>\n                    <\/div>\n    <\/div>\n\n    <div class=\"easingsliderpro-preload\"><\/div>\n\n            <div class=\"easingsliderpro-arrows easingsliderpro-next inside\"><\/div>\n        <div class=\"easingsliderpro-arrows easingsliderpro-prev inside\"><\/div>\n    \n            <div class=\"easingsliderpro-pagination inside bottom-center\">\n                            <div class=\"easingsliderpro-icon\"><\/div>\n                            <div class=\"easingsliderpro-icon\"><\/div>\n                            <div class=\"easingsliderpro-icon\"><\/div>\n                            <div class=\"easingsliderpro-icon\"><\/div>\n                            <div class=\"easingsliderpro-icon\"><\/div>\n                            <div class=\"easingsliderpro-icon\"><\/div>\n                            <div class=\"easingsliderpro-icon\"><\/div>\n                            <div class=\"easingsliderpro-icon\"><\/div>\n                            <div class=\"easingsliderpro-icon\"><\/div>\n                    <\/div>\n    \n        <\/div>\n\n<div class='easingsliderpro-shadow' style='display: none; max-width: 640px; '><\/div>\n<div class=\"wpcf7 no-js\" id=\"wpcf7-f948-o1\" lang=\"fr-FR\" dir=\"ltr\">\n<div class=\"screen-reader-response\"><p role=\"status\" aria-live=\"polite\" aria-atomic=\"true\"><\/p> <ul><\/ul><\/div>\n<form action=\"\/chambre-hote-pau\/wp-json\/wp\/v2\/pages\/86#wpcf7-f948-o1\" method=\"post\" class=\"wpcf7-form init\" aria-label=\"Formulaire de contact\" novalidate=\"novalidate\" data-status=\"init\">\n<div style=\"display: none;\">\n<input type=\"hidden\" name=\"_wpcf7\" value=\"948\" \/>\n<input type=\"hidden\" name=\"_wpcf7_version\" value=\"5.7.2\" \/>\n<input type=\"hidden\" name=\"_wpcf7_locale\" value=\"fr_FR\" \/>\n<input type=\"hidden\" name=\"_wpcf7_unit_tag\" value=\"wpcf7-f948-o1\" \/>\n<input type=\"hidden\" name=\"_wpcf7_container_post\" value=\"0\" \/>\n<input type=\"hidden\" name=\"_wpcf7_posted_data_hash\" value=\"\" \/>\n<\/div>\n<p>Pour des informations sur une disponibilit\u00e9 remplissez les champs ci-dessous.<br \/>\nSi l'envoi de cette page ne marche pas, envoyez nous les informations par e-mail \u00e0 l'adresse suivante : villadampierre@gmail.com<br \/>\nou appelez nous au 0687850008\n<\/p>\n<p>A tr\u00e8s bient\u00f4t !\n<\/p>\n<p>Quand et pour qui souhaitez-vous r\u00e9server :\n<\/p>\n<p>Date d'arriv\u00e9e : <span class=\"wpcf7-form-control-wrap\" data-name=\"date-542\"><input class=\"wpcf7-form-control wpcf7-date wpcf7-validates-as-required wpcf7-validates-as-date\" min=\"2023-01-10\" aria-required=\"true\" aria-invalid=\"false\" value=\"\" type=\"date\" name=\"date-542\" \/><\/span>\n<\/p>\n<p>Date de d\u00e9part <span class=\"wpcf7-form-control-wrap\" data-name=\"dated-542\"><input class=\"wpcf7-form-control wpcf7-date wpcf7-validates-as-required wpcf7-validates-as-date\" min=\"2023-01-10\" aria-required=\"true\" aria-invalid=\"false\" value=\"\" type=\"date\" name=\"dated-542\" \/><\/span>\n<\/p>\n<p><label> Votre nom<br \/>\n<span class=\"wpcf7-form-control-wrap\" data-name=\"your-name\"><input size=\"40\" class=\"wpcf7-form-control wpcf7-text wpcf7-validates-as-required\" autocomplete=\"name\" aria-required=\"true\" aria-invalid=\"false\" value=\"\" type=\"text\" name=\"your-name\" \/><\/span> <\/label>\n<\/p>\n<p><label> Votre e-mail<br \/>\n<span class=\"wpcf7-form-control-wrap\" data-name=\"your-email\"><input size=\"40\" class=\"wpcf7-form-control wpcf7-text wpcf7-email wpcf7-validates-as-required wpcf7-validates-as-email\" autocomplete=\"email\" aria-required=\"true\" aria-invalid=\"false\" value=\"\" type=\"email\" name=\"your-email\" \/><\/span> <\/label>\n<\/p>\n<p><label> Votre t\u00e9l\u00e9phone :<br \/>\n<span class=\"wpcf7-form-control-wrap\" data-name=\"your-subject\"><input size=\"40\" class=\"wpcf7-form-control wpcf7-text wpcf7-validates-as-required\" aria-required=\"true\" aria-invalid=\"false\" value=\"\" type=\"text\" name=\"your-subject\" \/><\/span> <\/label>\n<\/p>\n<p>N'oubliez pas de pr\u00e9ciser combien vous serez. A tr\u00e8s bient\u00f4t!<br \/>\n<label> Votre message (facultatif)<br \/>\n<span class=\"wpcf7-form-control-wrap\" data-name=\"your-message\"><textarea cols=\"40\" rows=\"10\" class=\"wpcf7-form-control wpcf7-textarea\" aria-invalid=\"false\" name=\"your-message\"><\/textarea><\/span> <\/label>\n<\/p>\n<p><input class=\"wpcf7-form-control has-spinner wpcf7-submit\" type=\"submit\" value=\"Envoyer\" \/>\n<\/p><p style=\"display: none !important;\"><label>&#916;<textarea name=\"_wpcf7_ak_hp_textarea\" cols=\"45\" rows=\"8\" maxlength=\"100\"><\/textarea><\/label><input type=\"hidden\" id=\"ak_js_1\" name=\"_wpcf7_ak_js\" value=\"24\"\/><script>document.getElementById( \"ak_js_1\" ).setAttribute( \"value\", ( new Date() ).getTime() );<\/script><\/p><div class=\"wpcf7-response-output\" aria-hidden=\"true\"><\/div><\/form><\/div>\n","protected":false},"excerpt":{"rendered":"<p>La montagne, un peu de notre passion est pass\u00e9e par l\u00e0. Permettre aux h\u00f4tes de d\u00e9couvrir au travers de clich\u00e9s de sommets, d&rsquo;arbres, une atmosph\u00e8re &hellip;<\/p>\n","protected":false},"author":2,"featured_media":241,"parent":82,"menu_order":0,"comment_status":"open","ping_status":"open","template":"template-submenu_siblings.php","meta":[],"yoast_head":"<!-- This site is optimized with the Yoast SEO plugin v20.4 - https:\/\/yoast.com\/wordpress\/plugins\/seo\/ -->\n<title>Chambre d&#039;h\u00f4tes Montagne Pau Villa Dampierre<\/title>\n<meta name=\"description\" content=\"Une atmosph\u00e8re montagne dans un cadre chaleureux et confortable o\u00f9 vous d\u00e9couvrirez au travers de clich\u00e9s, nos pyr\u00e9n\u00e9es\" \/>\n<meta name=\"robots\" content=\"index, follow, max-snippet:-1, max-image-preview:large, max-video-preview:-1\" \/>\n<link rel=\"canonical\" href=\"https:\/\/villadampierre.fr\/chambre-hote-pau\/chambres-dhotes\/chambre-montagne\/\" \/>\n<meta property=\"og:locale\" content=\"fr_FR\" \/>\n<meta property=\"og:type\" content=\"article\" \/>\n<meta property=\"og:title\" content=\"Chambre d&#039;h\u00f4tes Montagne Pau Villa Dampierre\" \/>\n<meta property=\"og:description\" content=\"Une atmosph\u00e8re montagne dans un cadre chaleureux et confortable o\u00f9 vous d\u00e9couvrirez au travers de clich\u00e9s, nos pyr\u00e9n\u00e9es\" \/>\n<meta property=\"og:url\" content=\"https:\/\/villadampierre.fr\/chambre-hote-pau\/chambres-dhotes\/chambre-montagne\/\" \/>\n<meta property=\"og:site_name\" content=\"Villa Dampierre\" \/>\n<meta property=\"article:modified_time\" content=\"2024-02-10T14:56:49+00:00\" \/>\n<meta property=\"og:image\" content=\"https:\/\/villadampierre.fr\/chambre-hote-pau\/wp-content\/uploads\/pin.jpg\" \/>\n\t<meta property=\"og:image:width\" content=\"300\" \/>\n\t<meta property=\"og:image:height\" content=\"224\" \/>\n\t<meta property=\"og:image:type\" content=\"image\/jpeg\" \/>\n<meta name=\"twitter:label1\" content=\"Dur\u00e9e de lecture estim\u00e9e\" \/>\n\t<meta name=\"twitter:data1\" content=\"1 minute\" \/>\n<script type=\"application\/ld+json\" class=\"yoast-schema-graph\">{\"@context\":\"https:\/\/schema.org\",\"@graph\":[{\"@type\":\"WebPage\",\"@id\":\"https:\/\/villadampierre.fr\/chambre-hote-pau\/chambres-dhotes\/chambre-montagne\/\",\"url\":\"https:\/\/villadampierre.fr\/chambre-hote-pau\/chambres-dhotes\/chambre-montagne\/\",\"name\":\"Chambre d'h\u00f4tes Montagne Pau Villa Dampierre\",\"isPartOf\":{\"@id\":\"https:\/\/villadampierre.fr\/chambre-hote-pau\/#website\"},\"datePublished\":\"2013-05-23T12:50:33+00:00\",\"dateModified\":\"2024-02-10T14:56:49+00:00\",\"description\":\"Une atmosph\u00e8re montagne dans un cadre chaleureux et confortable o\u00f9 vous d\u00e9couvrirez au travers de clich\u00e9s, nos pyr\u00e9n\u00e9es\",\"breadcrumb\":{\"@id\":\"https:\/\/villadampierre.fr\/chambre-hote-pau\/chambres-dhotes\/chambre-montagne\/#breadcrumb\"},\"inLanguage\":\"fr-FR\",\"potentialAction\":[{\"@type\":\"ReadAction\",\"target\":[\"https:\/\/villadampierre.fr\/chambre-hote-pau\/chambres-dhotes\/chambre-montagne\/\"]}]},{\"@type\":\"BreadcrumbList\",\"@id\":\"https:\/\/villadampierre.fr\/chambre-hote-pau\/chambres-dhotes\/chambre-montagne\/#breadcrumb\",\"itemListElement\":[{\"@type\":\"ListItem\",\"position\":1,\"name\":\"Accueil\",\"item\":\"https:\/\/villadampierre.fr\/chambre-hote-pau\/\"},{\"@type\":\"ListItem\",\"position\":2,\"name\":\"Chambre d&rsquo;h\u00f4tes\",\"item\":\"https:\/\/villadampierre.fr\/chambre-hote-pau\/chambres-dhotes\/\"},{\"@type\":\"ListItem\",\"position\":3,\"name\":\"Chambre Montagne\"}]},{\"@type\":\"WebSite\",\"@id\":\"https:\/\/villadampierre.fr\/chambre-hote-pau\/#website\",\"url\":\"https:\/\/villadampierre.fr\/chambre-hote-pau\/\",\"name\":\"Villa Dampierre\",\"description\":\"Pour un s\u00e9jour en chambre d&#039;h\u00f4tes \u00e0  Pau\",\"potentialAction\":[{\"@type\":\"SearchAction\",\"target\":{\"@type\":\"EntryPoint\",\"urlTemplate\":\"https:\/\/villadampierre.fr\/chambre-hote-pau\/?s={search_term_string}\"},\"query-input\":\"required name=search_term_string\"}],\"inLanguage\":\"fr-FR\"}]}<\/script>\n<!-- \/ Yoast SEO plugin. -->","yoast_head_json":{"title":"Chambre d'h\u00f4tes Montagne Pau Villa Dampierre","description":"Une atmosph\u00e8re montagne dans un cadre chaleureux et confortable o\u00f9 vous d\u00e9couvrirez au travers de clich\u00e9s, nos pyr\u00e9n\u00e9es","robots":{"index":"index","follow":"follow","max-snippet":"max-snippet:-1","max-image-preview":"max-image-preview:large","max-video-preview":"max-video-preview:-1"},"canonical":"https:\/\/villadampierre.fr\/chambre-hote-pau\/chambres-dhotes\/chambre-montagne\/","og_locale":"fr_FR","og_type":"article","og_title":"Chambre d'h\u00f4tes Montagne Pau Villa Dampierre","og_description":"Une atmosph\u00e8re montagne dans un cadre chaleureux et confortable o\u00f9 vous d\u00e9couvrirez au travers de clich\u00e9s, nos pyr\u00e9n\u00e9es","og_url":"https:\/\/villadampierre.fr\/chambre-hote-pau\/chambres-dhotes\/chambre-montagne\/","og_site_name":"Villa Dampierre","article_modified_time":"2024-02-10T14:56:49+00:00","og_image":[{"width":300,"height":224,"url":"https:\/\/villadampierre.fr\/chambre-hote-pau\/wp-content\/uploads\/pin.jpg","type":"image\/jpeg"}],"twitter_misc":{"Dur\u00e9e de lecture estim\u00e9e":"1 minute"},"schema":{"@context":"https:\/\/schema.org","@graph":[{"@type":"WebPage","@id":"https:\/\/villadampierre.fr\/chambre-hote-pau\/chambres-dhotes\/chambre-montagne\/","url":"https:\/\/villadampierre.fr\/chambre-hote-pau\/chambres-dhotes\/chambre-montagne\/","name":"Chambre d'h\u00f4tes Montagne Pau Villa Dampierre","isPartOf":{"@id":"https:\/\/villadampierre.fr\/chambre-hote-pau\/#website"},"datePublished":"2013-05-23T12:50:33+00:00","dateModified":"2024-02-10T14:56:49+00:00","description":"Une atmosph\u00e8re montagne dans un cadre chaleureux et confortable o\u00f9 vous d\u00e9couvrirez au travers de clich\u00e9s, nos pyr\u00e9n\u00e9es","breadcrumb":{"@id":"https:\/\/villadampierre.fr\/chambre-hote-pau\/chambres-dhotes\/chambre-montagne\/#breadcrumb"},"inLanguage":"fr-FR","potentialAction":[{"@type":"ReadAction","target":["https:\/\/villadampierre.fr\/chambre-hote-pau\/chambres-dhotes\/chambre-montagne\/"]}]},{"@type":"BreadcrumbList","@id":"https:\/\/villadampierre.fr\/chambre-hote-pau\/chambres-dhotes\/chambre-montagne\/#breadcrumb","itemListElement":[{"@type":"ListItem","position":1,"name":"Accueil","item":"https:\/\/villadampierre.fr\/chambre-hote-pau\/"},{"@type":"ListItem","position":2,"name":"Chambre d&rsquo;h\u00f4tes","item":"https:\/\/villadampierre.fr\/chambre-hote-pau\/chambres-dhotes\/"},{"@type":"ListItem","position":3,"name":"Chambre Montagne"}]},{"@type":"WebSite","@id":"https:\/\/villadampierre.fr\/chambre-hote-pau\/#website","url":"https:\/\/villadampierre.fr\/chambre-hote-pau\/","name":"Villa Dampierre","description":"Pour un s\u00e9jour en chambre d&#039;h\u00f4tes \u00e0  Pau","potentialAction":[{"@type":"SearchAction","target":{"@type":"EntryPoint","urlTemplate":"https:\/\/villadampierre.fr\/chambre-hote-pau\/?s={search_term_string}"},"query-input":"required name=search_term_string"}],"inLanguage":"fr-FR"}]}},"_links":{"self":[{"href":"https:\/\/villadampierre.fr\/chambre-hote-pau\/wp-json\/wp\/v2\/pages\/86"}],"collection":[{"href":"https:\/\/villadampierre.fr\/chambre-hote-pau\/wp-json\/wp\/v2\/pages"}],"about":[{"href":"https:\/\/villadampierre.fr\/chambre-hote-pau\/wp-json\/wp\/v2\/types\/page"}],"author":[{"embeddable":true,"href":"https:\/\/villadampierre.fr\/chambre-hote-pau\/wp-json\/wp\/v2\/users\/2"}],"replies":[{"embeddable":true,"href":"https:\/\/villadampierre.fr\/chambre-hote-pau\/wp-json\/wp\/v2\/comments?post=86"}],"version-history":[{"count":52,"href":"https:\/\/villadampierre.fr\/chambre-hote-pau\/wp-json\/wp\/v2\/pages\/86\/revisions"}],"predecessor-version":[{"id":986,"href":"https:\/\/villadampierre.fr\/chambre-hote-pau\/wp-json\/wp\/v2\/pages\/86\/revisions\/986"}],"up":[{"embeddable":true,"href":"https:\/\/villadampierre.fr\/chambre-hote-pau\/wp-json\/wp\/v2\/pages\/82"}],"wp:featuredmedia":[{"embeddable":true,"href":"https:\/\/villadampierre.fr\/chambre-hote-pau\/wp-json\/wp\/v2\/media\/241"}],"wp:attachment":[{"href":"https:\/\/villadampierre.fr\/chambre-hote-pau\/wp-json\/wp\/v2\/media?parent=86"}],"curies":[{"name":"wp","href":"https:\/\/api.w.org\/{rel}","templated":true}]}}